 5 = 3*q, 5*q = -3*s + 8*q - 6. Let x(p) = 10*p + 1 - 3 + 36*p. What is the tens digit of x(s)?
4
What is the hundreds digit of (-5)/((-75)/4610)*(-117)/(-6)?
9
Let w = -2 + 7. Suppose -w*d + 7*d = 0. What is the tens digit of d + 2*76/8?
1
Suppose -3 = 3*q - 15. Suppose x - 94 = 3*f, -3*x + q*f + 392 = x. What is the tens digit of x?
0
Let o(m) = 1 + 4*m + 2*m**3 + 1 + 6*m**2 - m**3. Let i = 28 + -33. What is the units digit of o(i)?
7
Let d(a) = -182*a + 20. Let y be d(-10). What is the units digit of (-6)/4*(-3)/(45/y)?
4
Let c(u) = -151*u - 157. What is the units digit of c(-6)?
9
Suppose 2*t + 85 = -5*y, -2*y + 115 = -4*t - y. Let k = 55 + t. What is the tens digit of k?
2
Let b(g) = g**2 + 2. Let u be b(-2). Suppose -11*s = -u*s. Suppose s = j + 3*j - 32. What is the units digit of j?
8
Let b(o) = -7*o - 28. Let f be (-5*3)/((-1)/(5/(-5))). What is the units digit of b(f)?
7
Let x = 327 - -330. What is the tens digit of x?
5
Let d = -14 + 28. Let w = d + 41. Suppose -c = 2*x - 11, -3*x - w = -3*c - 2*c. What is the units digit of c?
1
Let b(k) = k**3 - 5*k**2 + 3*k. Let p be b(3). Let y(c) = 3*c**2 + 16*c - 20. What is the units digit of y(p)?
9
Let t(x) = 205*x**2 + 6*x + 7. What is the tens digit of t(-1)?
0
Suppose 0 + 46 = 2*c. Suppose -3*v + 5*o + 167 = 0, 2*v - 95 = 5*o + c. What is the tens digit of v?
4
Suppose -2*g + 4*k = 3*g - 15, 3 = g + 2*k. Suppose -g*i + 89 = -154. What is the tens digit of i?
8
Let y(a) = -25*a**3 + 2*a**2 - 12*a - 59. What is the units digit of y(-3)?
0
Let n = 2660 - 747. What is the units digit of n?
3
Suppose 0 = 8*q - 5*q + 555. What is the units digit of 4/2*(-5 + q/(-5))?
4
Let v(s) = -3*s + 23. Let q be v(-11). Suppose 51*t - q*t + 265 = 0. What is the units digit of t?
3
Let m be 44/6 - (-4)/6. Let r be m - 7 - 280/(-2). What is the tens digit of 1/3 - r/(-9)?
1
Suppose 0 = 26*g - 23697 - 53497. What is the thousands digit of g?
2
Let p(u) = -u**3 - 2*u**2 - u + 21. Let m be p(-7). Let c = m - 194. What is the tens digit of c?
7
What is the tens digit of (-2)/(20/(-6)) + (-6574)/(-10)?
5
Suppose 2*x + 4*r + 2 = 0, -3*x - 5*r - 22 = -7*x. Suppose -2*j + n + 214 = 0, 8 = x*n - n. What is the units digit of j?
9
Let k = 287 - 153. What is the units digit of k?
4
Let u(n) = -17*n - 10. Let s(p) = p**2 - 4. Let f be s(3). Let l(t) = -11*t - 7. Let z(y) = f*u(y) - 7*l(y). What is the units digit of z(-1)?
7
Let c(l) = l**3 + 14*l**2 - 16*l + 29. Suppose 136 = -9*z + 1. What is the units digit of c(z)?
4
Suppose 0*o - 2336 = -5*m - 2*o, 472 = m + 2*o. What is the hundreds digit of m?
4
Suppose 0 = -5*x - 2*j + 18, -3*x - 2*j + 10 = -j. Suppose 2*p = a + 327, -2*p = 4*a - x*a - 330. What is the units digit of p?
4
Let w be -9*1 + (-2 - (-6)/1). Let a(f) = f**2 + 7*f + 41. What is the tens digit of a(w)?
3
Let m = 954 + -384. What is the hundreds digit of m?
5
Let f be (7 - -247)*10/4. Let x be (-4)/26 + f/(-13). Let n = -25 - x. What is the units digit of n?
4
Let q(j) = j**2 + 10*j + 8. Let i be q(-10). Suppose -i = -z - z. Suppose 8 = z*m - 52. What is the tens digit of m?
1
What is the units digit of (84/20)/((-75)/(-250))?
4
Suppose -w + 5*w = 0. Let a be ((-18)/1 - w)*-1. Let l = a - 6. What is the units digit of l?
2
Suppose -7*q + 12788 = 4010. What is the units digit of q?
4
What is the units digit of 54/144 - (15274/(-16) - -1)?
4
Let p(y) = y + 1. Let x be p(2). Let t(u) = 11*u**2 - 7*u + 7. What is the units digit of t(x)?
5
Suppose -4*v - 221 = 3*r - 0*r, -5*r - 3*v - 361 = 0. Let h = 206 + r. What is the hundreds digit of h?
1
Suppose -2*i + 1093 + 4749 = 0. What is the units digit of i?
1
Let z = 1582 - 333. What is the thousands digit of z?
1
Let o(u) = -u**3 - 5*u**2 + 7*u - 1. Let a be o(-6). Let y = 8 + a. Suppose y + 4 = c. What is the units digit of c?
5
Suppose 0*b = -4*x - b + 8, -2*x = 3*b - 4. Suppose -355 - 271 = -x*i. What is the hundreds digit of i?
3
Let w(r) = -r**2 + 6*r - 15. Let y(s) = 2*s**2 - 13*s + 29. Let c(a) = 7*w(a) + 4*y(a). Let t be c(9). Suppose -t*h = h - 57. What is the tens digit of h?
1
Let f(l) = l**3 - 2*l**2 - 9*l - 14. Let c be f(6). Suppose 21*n = 17*n + c. What is the units digit of n?
9
Suppose -3*y = 15, -z - 94 = 4*y + 70. What is the hundreds digit of (40/16)/((-2)/z)?
1
Let f = 38 + -63. What is the units digit of ((-160)/f - 7) + (-823)/(-5)?
4
Let w(a) = -5*a**2 - 12*a + 1. Let k(n) = -7*n**2 - 14*n + 2. Let h(z) = 2*k(z) - 3*w(z). Let r be 1/1*(-9 - 2). What is the units digit of h(r)?
4
Let m(d) = -2*d**3 + 8*d**2 + 2*d + 5. Let o = -20 - -26. Let x be m(o). Let f = -88 - x. What is the units digit of f?
9
Suppose -13*q + 12557 = 4666. What is the units digit of q?
7
Let s = -684 - -1151. What is the units digit of s?
7
Let h be (-34)/(-6)*(10 - 7). Let o(x) = -53*x. Let a be o(-1). Let m = h + a. What is the units digit of m?
0
Suppose -3*t + 2670 + 2844 = 0. What is the hundreds digit of t?
8
Suppose -2*x - 2*w = w + 10, 2*x = -2*w - 10. What is the tens digit of x - -28 - (-3 - -2)?
2
What is the tens digit of (-84)/(-63) - (-4030)/6?
7
Let o = -1 - -13. What is the tens digit of o/2*16/6?
1
Let s be -395*(0 + -1*(-4)/(-10)). Let w = -40 + s. What is the hundreds digit of w?
1
Suppose -9*n = -4*n - 20. Let k(x) = x**3 - 4*x**2 + 5*x - 6. Let q be k(n). Let l = -10 + q. What is the units digit of l?
4
Suppose 77 = k - 133. What is the hundreds digit of k?
2
Let k be 6/(-12)*(-2)/(-1). Let h be -6 + (k - (-9)/3). What is the units digit of 3/2*(2 - h)?
9
Let y(i) = -i**2 - 16*i - 13. Let t be y(-17). Let g = t + 87. What is the tens digit of g?
5
Suppose 15*o - 10*o - 525 = 0. What is the tens digit of o?
0
Let z(r) = r**3 - 7*r**2 + 5*r - 3. Let d be z(6). Let f = 11 + d. Suppose 5*i + 2 = 12, f*s - 2*i = 26. What is the units digit of s?
5
Suppose 3*z - 46 = -5*t, t + 3*z = 2*t - 2. Let q(d) = -15*d - 49. Let a(n) = 7*n + 23. Let p(l) = 9*a(l) + 4*q(l). What is the units digit of p(t)?
5
Let j = -356 - -553. What is the units digit of j?
7
What is the tens digit of 21/((-70)/10) - (-1 - 68)?
6
Suppose j = 2*g + 158, -3*j - g = 18 - 527. What is the tens digit of j?
6
Let k(c) = c**3 - 9*c**2 + 19*c - 9. Suppose 7 = -o + 14. What is the units digit of k(o)?
6
Suppose -4*q - 2*i - 10 + 34 = 0, 2*i - 9 = -q. Suppose 2*u + q*d - 82 = 0, -5*d - 1 + 145 = 4*u. What is the units digit of u?
1
Suppose 3*v + 2028 = 3*l, 2*l - 1347 = -2*v - v. Suppose -5*o + 10 = -l. What is the hundreds digit of o?
1
Let t(o) = 9*o**2 + 7*o - 3. Let h = -111 + 113. What is the units digit of t(h)?
7
Let g(o) = -o**2 + 16*o - 21. Let c be g(10). Suppose -c*k = -43*k + 152. What is the units digit of k?
8
Suppose 5*j + 2*g - 2 = 0, -2*j - 5*g + 8 = 3. Suppose -2*h + 2*d = -260, j = 2*h - 2*d + 3*d - 251. What is the tens digit of h?
2
Let v = 217 - -70. What is the tens digit of v?
8
Let l be -11*1*(-1 + -6). Suppose -16*f = -12*f + 16*f. Suppose 2*c = 5*x + 155, -c + f*x + l = -2*x. What is the tens digit of c?
7
Suppose -2521*g + 2516*g = -1150. What is the tens digit of g?
3
Let h(t) = -94*t + 29. What is the hundreds digit of h(-5)?
4
Let y be 57/(4*3/12). Suppose -d + 1 + 2 = 0. Suppose -j + d = x - 5*j, -5*x + y = j. What is the units digit of x?
1
Let u be 3469/7 + (-6)/(-14). Let t(g) = g**2 - 2*g + 4. Let i be t(3). What is the units digit of 2/i + u/28?
8
Let h(b) be the second derivative of 1/6*b**4 + 0 + 13*b + 5/2*b**3 + 3/2*b**2. What is the units digit of h(-10)?
3
What is the units digit of 977185/436 - (-2)/(-8)?
1
Let i(s) = 3*s**2 + 7*s - 3. Let v be i(-3). Suppose 0 = -6*a + v*a + 375. What is the tens digit of a?
2
Let d = -736 + 1492. What is the units digit of d?
6
Let y(a) = 3*a - 1. Let f be y(4). Let c = -2 + f. Let v(h) = h**3 - 10*h**2 + 12*h - 1. What is the units digit of v(c)?
6
Suppose 0*p + 293 = -5*m - p, -107 = 2*m - 3*p. Let g = 94 - m. What is the units digit of g?
2
Let s(j) = -j**3 + 2*j - 2 - 34*j**2 + 29*j**2 - 13. What is the units digit of s(-7)?
9
Let j(g) = 394*g + 61. What is the units digit of j(2)?
9
Let r(a) = -a - 5. Let x be r(-8). Suppose 8*p + 15 = x*p. What is the units digit of (-1272)/(-36) + (-2)/p?
6
Let c(o) = 8*o**2 + 39*o - 22. What is the units digit of c(-16)?
2
Let z = 1283 + -508. What is the hundred